m) = 4*m - 4. Let x be y(3). Let j(c) = c**3 + 2*c**2 - 9*c. Let s be j(4). Suppose -9*k + s = -x*k. What is the greatest common factor of k and 15?
15
Suppose -2*u - 96 = -3*u. Let k = -487 - -511. Calculate the greatest common divisor of k and u.
24
Suppose -77*b + 22113 = -76293. Calculate the greatest common divisor of b and 18.
18
Let m(w) = -w**3 - 5*w**2 - 10*w - 46. Let q be m(-5). Calculate the highest common divisor of 18 and q.
2
Let v be 9*2/30 - 42/(-5). What is the highest common divisor of 531 and v?
9
Suppose -8*k + 3*k = -30. Suppose k = -3*a + 24. Suppose -4*d + 5*d - 12 = 0. Calculate the greatest common divisor of a and d.
6
Let w(u) = 2*u**2 + 2*u + 2. Let z be w(-4). Suppose 2*j - z = 58. Calculate the greatest common divisor of 6 and j.
6
Suppose -2*o - m + 13 = o, 2*o + m = 9. Suppose 0 = -3*l + 6*l + 5*d - 93, -l + 24 = o*d. Calculate the highest common divisor of l and 9.
9
Suppose -48 - 582 = -14*u. Calculate the greatest common factor of u and 120.
15
Let o = -65 + 72. Calculate the highest common divisor of 49 and o.
7
Let j = 4 - 4. Suppose j = -5*s - 5*g + 785, -g - 475 + 152 = -2*s. Let f = 208 - 188. Calculate the highest common factor of f and s.
20
Let a = 23 + 40. Calculate the greatest common factor of a and 21.
21
Let b be (-253)/3*(0 - 12). Calculate the greatest common divisor of b and 44.
44
Let q = 803 - 323. What is the highest common divisor of 32 and q?
32
Let b(d) = d + 8. Let u be b(4). Suppose 3*v + 192 = 7*v. What is the highest common factor of v and u?
12
Let n = 213 + -120. Let t = -86 + n. Calculate the greatest common divisor of t and 91.
7
Let i(t) = -t + 17. Let a be i(13). Suppose 3*j + 59 = 7*j + u, -5*u + 55 = a*j. Calculate the greatest common factor of 150 and j.
15
Let b be (10/6)/(2/684). Suppose 0 = -7*p - 38 + b. Suppose 38 = 2*j + 3*q, j = -q + 12 + 7. Calculate the highest common factor of p and j.
19
Suppose -3*x - 4*g + 196 = 0, -293 = -4*x + 3*g - 2*g. Suppose -30 = -5*v + 5*c, -c - 6 = -3*c. Calculate the highest common divisor of x and v.
9
Let v = -234 + 438. What is the highest common factor of v and 51?
51
Suppose 5*w = -4*d - 22 + 88, -2*w + 26 = 2*d. Suppose 0 = 3*p - 5 - 1. Calculate the highest common divisor of w and p.
2
Let h(m) = m**2 - 4*m. Let o = 64 - 59. Let l be h(o). What is the greatest common divisor of l and 15?
5
Suppose -4 = -x + 10. Let m be ((-3528)/9)/8*-2. What is the greatest common divisor of x and m?
14
Suppose -9*w + 214 = -20. Calculate the greatest common divisor of w and 182.
26
Suppose 9 = -3*b + 15. Let x be (-10)/(-15)*1*3/b. Calculate the highest common divisor of 1 and x.
1
Let r(n) = n**2 + 8*n + 8. Let h be r(3). What is the greatest common factor of h and 4?
1
Let h be (-2)/(-4)*(-36)/9. Let y be (h/1 - -6) + 2. What is the highest common factor of y and 3?
3
Let o = 44 - 52. Let m be (-798)/o - 15/20. Suppose -24 = -5*p + 21. Calculate the highest common divisor of m and p.
9
Let z be -1 + -62*(-4)/(4 + 4). Suppose -i + 105 = -165. Calculate the greatest common divisor of z and i.
30
Let u = 366 - 189. Let x = u + -65. What is the highest common divisor of x and 16?
16
Let n(l) = -l**3 + 8*l**2 + 3*l + 13. Let z(f) = 2*f + 14. Let u be z(-3). Let q be n(u). Calculate the greatest common divisor of 37 and q.
37
Let j(q) = -3*q + 5. Let i be ((-1)/(-2))/(1/(-12)). Let h be j(i). Calculate the highest common factor of h and 253.
23
Suppose -l + 3*l = 12. Suppose -192 = -3*i - 3*m, -m = -i + m + 70. Calculate the highest common divisor of l and i.
6
Let c = -415 + 580. Calculate the highest common divisor of c and 22.
11
Suppose -15*m = 375 - 645. What is the greatest common divisor of 56 and m?
2
Let u be (-1)/6 - (-2834)/156. Calculate the greatest common factor of 30 and u.
6
Let s(c) = 2*c**2 + 5*c + 47. Let f be s(12). What is the greatest common divisor of 316 and f?
79
Let g be ((-12)/(-30))/(2/(-5)). Let v be g*(-3*4 + -2 + 1). Suppose 0 = 4*r - 87 - 17. What is the highest common factor of r and v?
13
Let l be -1 + 0 + -1 - -1. Let z be (0 - l)/((-1)/(-20)). Let y(w) = -w**2 + 8*w + 88. Let c be y(-6). Calculate the highest common factor of z and c.
4
Suppose -4*f = -82 - 222. Let b = f - 59. What is the greatest common divisor of 187 and b?
17
Suppose -2*n - x + 27 = 2*x, 59 = 4*n + x. Let f = -19 - -34. Calculate the greatest common factor of f and n.
15
Let b be 7 + (8 - 5) + (-1 - -1). Calculate the greatest common factor of b and 50.
10
Let k be 7*-1*(-41 + 39). Calculate the highest common divisor of 896 and k.
14
Let v = -10 - -6. Let c be 3 + 14/v + (-45)/(-2). What is the greatest common factor of 242 and c?
22
Let v be (-202)/(-12) + 20/(-24). What is the greatest common factor of v and 192?
16
Suppose 3*x = 5 + 1. Let i be -5 - -2 - (-5 - -2). Let h(m) = 2*m + 14. Let b be h(i). What is the highest common divisor of b and x?
2
Suppose 4*z - q + 16 = 4*q, z = -4*q + 17. Suppose 196 = -9*v + 11*v. Let x be 3/(-2)*v/(-21). What is the highest common factor of x and z?
1
Let y(n) = -34*n - 8. Let z be y(-7). Calculate the greatest common divisor of z and 10.
10
Suppose 0 = -564*t + 566*t - 10. What is the highest common factor of 155 and t?
5
Let g be -2*4 - 2520/(-21). What is the highest common divisor of 63 and g?
7
Suppose -3 = -t + 49. What is the highest common divisor of 39 and t?
13
Let r be (1440/600)/((-3)/(-245)). Calculate the highest common factor of 168 and r.
28
Suppose -16 = -3*o - 7. Let g be 3654/91 + o/(-78)*4. Calculate the highest common divisor of 440 and g.
40
Let h = -23 + 19. Let j be 18/24 - 9/h. Suppose -5*s + 12 = -j*s. Calculate the highest common factor of s and 12.
6
Let u be (1/(-3))/((-4)/216). Let y(h) = h**2 - 16*h - 26. Let w be y(u). Calculate the highest common factor of 80 and w.
10
Suppose -12*b - 37 = -205. Suppose 2 = 3*h - 103. Calculate the greatest common factor of b and h.
7
Let k(s) = s**2 - 5*s + 2. Let d be k(7). Suppose 2*f + 76 = 172. What is the greatest common divisor of d and f?
16
Let i(a) = a**2 - 17*a + 41. Let x be i(18). What is the highest common factor of x and 944?
59
Let h = 13 + -9. Suppose 3*y - h*z - 12 = 0, y + 13 = 3*y - z. Suppose 38 - y = g. What is the highest common factor of g and 6?
6
Suppose b = -0*b. Suppose -5*u = 4*n, 3*n + b*n = -2*u. Suppose -2*m + n = -16. Calculate the greatest common divisor of 72 and m.
8
Suppose 16*g - 415 - 129 = 0. What is the greatest common factor of 799 and g?
17
Let c be 6/(-4 + 55/13). Let r = c - -6. Let k(p) = -81*p - 1. Let i be k(-1). What is the greatest common divisor of r and i?
16
Let f(z) = -z**3 + 3*z**2 + 20*z - 3. Let a be f(-6). Suppose -a + 69 = -4*l. Calculate the highest common divisor of 44 and l.
11
Suppose -5*c - d = -15, -5*c + 10*c + 10 = 4*d. Suppose -r - 4*r = -20, h = c*r + 8. Suppose 74 + h = 5*g. What is the greatest common factor of g and 9?
9
Let o be (764/16)/1 + 4/16. Calculate the highest common factor of 16 and o.
16
Let o(d) = 38*d**2 + 31*d - 2. Let y be o(-2). Calculate the greatest common divisor of 308 and y.
44
Suppose -2*u + 9*l - 12 = 4*l, u + 2*l + 6 = 0. Let a be 0 - (-1)/((-2)/u). Let q be 5/(150/310) - (-16)/(-12). What is the highest common factor of q and a?
3
Suppose 20 = 5*r - 4*c, -r - 10 = -5*r + 2*c. Suppose r = 5*w + 2*n - 184, 5*w - 5*n - 70 - 135 = 0. Calculate the greatest common factor of w and 57.
19
Suppose 0 = 3*t - 16 - 5. Suppose -y + 29 + 34 = 0. What is the greatest common factor of t and y?
7
Suppose 8*f = 4*f + 4*k + 476, 2*f + 5*k = 259. Calculate the highest common divisor of f and 427.
61
Suppose -34*x = -15 - 19. What is the highest common divisor of x and 27?
1
Suppose -675 = -5*l - 30. Calculate the greatest common factor of l and 43.
43
Let x be (-48)/(-28) - 2/(-7). Suppose x*t + 5*k - 29 = 0, -4*k + 7*k - 21 = -3*t. Suppose o + 154 = t*o. Calculate the greatest common divisor of o and 14.
14
Suppose -u = -p - p + 6, 5*u = -3*p + 22. Suppose p*q + 7 = 5*q. Calculate the greatest common divisor of 28 and q.
7
Suppose 5*j - 27 = 4*j. Suppose -12*n + 458 - 350 = 0. Calculate the greatest common factor of j and n.
9
Suppose 3*t = 7*t - 116. Let d = -23 + t. Let y(h) = -h**3 + 6*h**2 + 4*h - 8. Let l be y(d). Calculate the greatest common fa